est common factor of o and 6?
6
Suppose a - 123 = -f + 110, 2*a = -f + 238. Let b be f/14 - 2/7. Let u = b + -5. Calculate the greatest common factor of u and 1.
1
Suppose 0 = 5*t - 5*w, 3*t + 4 = 2*t + 3*w. Let v be (-57)/t*30/(-9). What is the highest common divisor of 19 and v?
19
Let h = -13 + 7. Let y = h - -21. Calculate the greatest common factor of 30 and y.
15
Let v(n) = -n - 13. Let b be v(-15). Suppose -3*a - d + 47 = 2*a, 0 = 5*a + 5*d - 55. Let u be 3/a + (-118)/(-6). What is the highest common divisor of u and b?
2
Let a be ((-8)/5)/((-2)/15). What is the highest common factor of a and 8?
4
Let u be 492/28 - ((-4)/(-7) + -1). What is the highest common divisor of 6 and u?
6
Let i be 82/8 + (-2)/8. Let g be 0/((-2)/((-2)/3)). Let x(k) = k**2 - k + 80. Let v be x(g). What is the highest common divisor of v and i?
10
Suppose 2*i + 5*i - 784 = 0. Calculate the highest common divisor of 14 and i.
14
Let s(b) = -b**3 + 6*b**2 + 4 - 4*b - b - 2. Suppose -8*o + 3*o = 0, -2*o = -2*z + 10. Let c be s(z). Calculate the greatest common factor of 14 and c.
2
Suppose 6*g + 6 = 7*g. Calculate the greatest common factor of 60 and g.
6
Let d = 71 + -43. Calculate the greatest common divisor of d and 4.
4
Suppose -8*o + 10 = -7*o. Let r = o + 14. Calculate the greatest common divisor of r and 12.
12
Suppose -14 = -2*g - r, 0*g + g = -4*r. Suppose 0*k - 2*k = -g. Suppose 2 = -a - 4*d - 2, k*a - 4*d = 44. What is the highest common divisor of 1 and a?
1
Suppose -a = 2 - 8. Let g be ((-4)/(-5))/(a/(-15)). Let m(f) = -3*f - 3. Let q be m(g). Calculate the greatest common factor of 15 and q.
3
Let f be (-1)/(4/(-40) + 0). What is the highest common factor of f and 40?
10
Suppose o = -o. Suppose -2*n + o*n + 36 = 0. Suppose 4*v - 7 = -r + 1, 0 = 2*v - 3*r - n. What is the greatest common factor of 27 and v?
3
Let o = 145 - 19. Let m be (18/(-4))/((-3)/6). Let j be 6/(-1)*(-21)/m. Calculate the greatest common factor of o and j.
14
Let g = 13 + -22. Let a = g + 18. What is the greatest common divisor of 81 and a?
9
Suppose x + l = 3*l + 20, -2*l = -5*x + 100. What is the highest common divisor of x and 60?
20
Suppose 0 = -3*u - 12, -2*q = -5*u + 6*u. Suppose -2*t + 648 = q*t. Calculate the greatest common factor of 18 and t.
18
Suppose -4*x - 170 + 422 = 0. Suppose 2*y - 4*l = -0*l + 26, 3*y = 5*l + 36. Calculate the highest common divisor of x and y.
7
Let l(f) = -f**3 + 4*f**2 - f - 4. Let z be l(3). Suppose -4*s + 0*s = 3*i - 54, -2*s + 28 = z*i. Calculate the highest common divisor of s and 4.
4
Let v be (-4 - -4 - -42)/(2/4). Suppose -5*i + 2*q - 8 = -3*i, 0 = 5*i - 4*q + 18. Let x be 124/10 + i/5. What is the greatest common factor of x and v?
12
Let g(q) = -q + 8. Let x be g(6). Suppose 38 = 3*u + x. Calculate the highest common factor of u and 3.
3
Suppose 55 = 5*r - 15. Suppose 3*g = -5*u - 2*g + 155, 0 = 5*u - 3*g - 187. What is the greatest common divisor of r and u?
7
Suppose 4 = i - 3. Suppose 2*t = i*t - 20. Suppose -4*f = -2*s - 36, 5*f - t*f = -2*s + 14. Calculate the greatest common factor of 10 and f.
10
Let i(x) = x**2 + 6*x + 9. Let s be i(-7). Suppose -s = -2*j + 2. What is the highest common factor of 9 and j?
9
Let a(b) = -b**2 - 5*b + 2. Let t be a(-4). Let f be (6/2)/(1/t). What is the highest common divisor of f and 162?
18
Let w = 1 + 2. Let y be 13/3*(0 + w). What is the greatest common divisor of y and 91?
13
Let q(r) = -r**3 - 3*r**2 - 4*r - 2. Let o be q(-3). Calculate the greatest common factor of 110 and o.
10
Let p = 105 - 101. Let w = 12 + -8. Suppose -f - p*f = w*v - 475, -4*v = -4*f + 416. Calculate the highest common divisor of 11 and f.
11
Let b(y) = y - 7. Let v be b(9). Suppose 3*f = v*f + 30. Suppose 0 = -5*w + 130 + f. Calculate the greatest common divisor of w and 48.
16
Let w = 31 - 55. Let r = w - -57. Calculate the greatest common divisor of 11 and r.
11
Let y(o) = o + 32. Let l be y(0). What is the highest common divisor of 352 and l?
32
Let r be (-9)/(27/(-330)) - 2. Calculate the greatest common factor of 12 and r.
12
Let k(y) = 3*y - 11. Let q be (3/(-2))/(3/(-18)). Let h be k(q). What is the highest common divisor of h and 16?
16
Suppose 4*y - 4*z + 22 = 6*y, 0 = 2*z - 10. Let t(a) = 132*a**3 + a**2 - a + 1. Let d be t(y). Let m = 205 - d. What is the greatest common divisor of 9 and m?
9
Let m(w) = 2*w**2 + 12*w - 6. Let l be m(9). Let z = 451 - l. Calculate the greatest common divisor of 17 and z.
17
Let m(f) = f**2 - 14*f + 37. Let h be m(13). Calculate the greatest common divisor of h and 192.
24
Let m(q) = 2*q**3 + 2*q**2 - q. Suppose 4*i + n - 3 = 0, -3*i = n - 2*n - 11. Let t be m(i). What is the highest common factor of 242 and t?
22
Let o = -78 + 93. Let j be 12/8 - 2/(-4). Suppose -5*n - j*k = -99 + 26, -59 = -4*n - k. Calculate the highest common divisor of o and n.
15
Let a(x) = -x**3 + 3*x**2 + 4*x + 1. Let w be a(4). Let r be -1 - w/(3/(-597)). What is the greatest common divisor of r and 18?
18
Suppose 2*z + 2*z = 52. Suppose 3*l - 104 = l. Calculate the highest common divisor of l and z.
13
Let b(k) = k**2 - 12*k + 22. Let y be b(-10). Calculate the greatest common divisor of y and 22.
22
Let a = 38 + 2. Suppose 5*c - 30 = 2*c + q, -a = -4*c + 5*q. Let n(g) = 37*g - 1. Let h be n(3). What is the greatest common divisor of c and h?
10
Suppose -4*m + 20 = -0*m. Suppose m*n + 7 - 62 = 0. Let x = 20 - n. What is the highest common divisor of x and 81?
9
Suppose -47 = 2*i - 191. Let f = i + -12. Let h(b) = -3*b - 9. Let n be h(-11). What is the highest common factor of f and n?
12
Let f(i) = 4*i**2 + 2 - 1 + 1 - 2*i**2 + 5*i. Let x be f(-4). What is the greatest common divisor of 35 and x?
7
Let l be 15/((-7)/(-3) - 2). What is the greatest common divisor of l and 9?
9
Let x be 1 + (-5)/((-5)/(-6)). Let h(z) = -z - 2. Let a be h(x). Calculate the greatest common factor of a and 3.
3
Let v(g) = g + 5. Let y be v(0). Let u be (7 + y)*1/2. Let k be ((-8)/u)/((-2)/15). What is the greatest common divisor of k and 20?
10
Let c(v) = v**2 + 3*v + 5. Let m be c(-5). What is the highest common factor of m and 135?
15
Let p = 6 + -4. Suppose -x + p*x = 135. Calculate the highest common factor of x and 15.
15
Suppose 0 = 84*w - 80*w - 8. Let d be 14 + -3 + 2 - -1. Calculate the highest common divisor of w and d.
2
Let u(c) = 44*c**2 + 3*c + 3. Let o be u(-1). Let y = 36 + 8. Let w be 6/4*y/6. Calculate the greatest common factor of w and o.
11
Let v(p) = 10*p - 40. Let y be v(7). Calculate the highest common divisor of y and 24.
6
Let m = 26 - 9. Suppose 2*u - 3*u - m = 5*j, -15 = 3*j. Suppose u + 10 = 2*z. What is the highest common divisor of 18 and z?
9
Let w be (-10)/(-25) - (-196)/10. Suppose -3*o = -2*o - w. Let v(b) = -9*b + 1. Let n be v(-1). Calculate the highest common divisor of o and n.
10
Let g = 6 + -4. Suppose -g*j + 0*j - 4*q + 130 = 0, 2*q = 10. Calculate the greatest common factor of j and 22.
11
Let m = -165 + 168. What is the highest common factor of m and 21?
3
Let s = -104 - -208. What is the greatest common divisor of 13 and s?
13
Suppose 4*q - 18 = -2*v + 2, -2*v + 3*q + 20 = 0. Suppose 0 = -k - 4*f + 98, -33 = -2*k + 5*f + 202. What is the highest common factor of k and v?
10
Let k = -62 + 107. Let x(q) = -10*q - 2. Let c be x(-2). Calculate the greatest common divisor of k and c.
9
Let r = 4 + 19. Calculate the highest common factor of 184 and r.
23
Let x be (11 - 4) + 1 + -2. Let f = 9 - x. Suppose -2*v + 7 = 4*y + f*v, y = 5*v + 33. Calculate the highest common factor of y and 4.
4
Let f(y) = -y**3 - 14*y**2 - 13*y - 1. Let m be f(-13). Let u(s) = 2 + s - 2 + 100*s**2. Let z be u(m). Calculate the greatest common factor of z and 11.
11
Let q = 7 - -8. Calculate the highest common factor of q and 165.
15
Let q(p) = p**2 + 5*p + 3. Let i be q(-8). Calculate the highest common divisor of 27 and i.
27
Suppose -2*g + 6 = -0. Suppose -62 = -n - n + g*x, -n + 24 = 2*x. Calculate the highest common factor of n and 7.
7
Suppose 5*t + 31 - 101 = 0. Let w = 26 - t. Calculate the highest common divisor of 108 and w.
12
Let y be 0 + (-3)/(-4) - 11/(-44). Calculate the greatest common factor of y and 17.
1
Suppose 5*z - 3 = -33. Let f be -48*2/z*10. Let u be ((-32)/(-6))/(2/6). What i